 are the prime factors of 44138?
2, 29, 761
What are the prime factors of 483?
3, 7, 23
What are the prime factors of 2574?
2, 3, 11, 13
List the prime factors of 24549.
3, 7, 167
What are the prime factors of 1131?
3, 13, 29
List the prime factors of 15967.
7, 2281
List the prime factors of 1573.
11, 13
List the prime factors of 33950.
2, 5, 7, 97
What are the prime factors of 20750?
2, 5, 83
List the prime factors of 6434.
2, 3217
What are the prime factors of 149075?
5, 67, 89
What are the prime factors of 8198?
2, 4099
List the prime factors of 4450.
2, 5, 89
What are the prime factors of 30164?
2, 7541
What are the prime factors of 1509?
3, 503
What are the prime factors of 114840?
2, 3, 5, 11, 29
What are the prime factors of 136206?
2, 3, 7, 23, 47
What are the prime factors of 26000?
2, 5, 13
What are the prime factors of 26422?
2, 11, 1201
List the prime factors of 56066.
2, 17, 97
What are the prime factors of 15725?
5, 17, 37
List the prime factors of 4147.
11, 13, 29
What are the prime factors of 959?
7, 137
What are the prime factors of 579?
3, 193
What are the prime factors of 36462?
2, 3, 59, 103
What are the prime factors of 845?
5, 13
What are the prime factors of 978?
2, 3, 163
List the prime factors of 6496.
2, 7, 29
What are the prime factors of 1826?
2, 11, 83
What are the prime factors of 2246?
2, 1123
What are the prime factors of 109507?
109507
List the prime factors of 832.
2, 13
What are the prime factors of 8763?
3, 23, 127
What are the prime factors of 649?
11, 59
What are the prime factors of 11049?
3, 29, 127
What are the prime factors of 32357?
13, 19, 131
List the prime factors of 265.
5, 53
List the prime factors of 3457.
3457
List the prime factors of 2432.
2, 19
List the prime factors of 1729.
7, 13, 19
What are the prime factors of 4603?
4603
List the prime factors of 379.
379
What are the prime factors of 38508?
2, 3, 3209
What are the prime factors of 31665?
3, 5, 2111
List the prime factors of 107862.
2, 3, 17977
What are the prime factors of 2768?
2, 173
What are the prime factors of 1031?
1031
List the prime factors of 2241.
3, 83
What are the prime factors of 15450?
2, 3, 5, 103
List the prime factors of 16543.
71, 233
What are the prime factors of 741?
3, 13, 19
List the prime factors of 2103.
3, 701
What are the prime factors of 3130?
2, 5, 313
What are the prime factors of 2590?
2, 5, 7, 37
List the prime factors of 37596.
2, 3, 13, 241
List the prime factors of 13858.
2, 13, 41
List the prime factors of 26208.
2, 3, 7, 13
What are the prime factors of 1274?
2, 7, 13
List the prime factors of 3789.
3, 421
What are the prime factors of 63821?
19, 3359
What are the prime factors of 19424?
2, 607
What are the prime factors of 62833?
19, 3307
What are the prime factors of 4276?
2, 1069
List the prime factors of 2389.
2389
List the prime factors of 38.
2, 19
What are the prime factors of 83843?
83843
What are the prime factors of 12271?
7, 1753
What are the prime factors of 9502?
2, 4751
List the prime factors of 484.
2, 11
What are the prime factors of 18494?
2, 7, 1321
What are the prime factors of 17084?
2, 4271
What are the prime factors of 10716?
2, 3, 19, 47
What are the prime factors of 1516?
2, 379
List the prime factors of 1071.
3, 7, 17
What are the prime factors of 2572?
2, 643
What are the prime factors of 16812?
2, 3, 467
List the prime factors of 69709.
69709
List the prime factors of 10880.
2, 5, 17
What are the prime factors of 62410?
2, 5, 79
List the prime factors of 227.
227
List the prime factors of 20748.
2, 3, 7, 13, 19
List the prime factors of 15815.
5, 3163
List the prime factors of 28295.
5, 5659
List the prime factors of 53.
53
List the prime factors of 7737.
3, 2579
What are the prime factors of 5891?
43, 137
List the prime factors of 2602.
2, 1301
What are the prime factors of 281?
281
List the prime factors of 17453.
31, 563
What are the prime factors of 82696?
2, 10337
List the prime factors of 47675.
5, 1907
List the prime factors of 6753.
3, 2251
What are the prime factors of 4481?
4481
What are the prime factors of 21757?
21757
List the prime factors of 3422.
2, 29, 59
List the prime factors of 19211.
19211
What are the prime factors of 73302?
2, 3, 19, 643
What are the prime factors of 2661?
3, 887
List the prime factors of 6544.
2, 409
List the prime factors of 12282.
2, 3, 23, 89
What are the prime factors of 688?
2, 43
What are the prime factors of 44627?
11, 4057
List the prime factors of 625.
5
What are the prime factors of 18447?
3, 11, 13, 43
List the prime factors of 11653.
43, 271
What are the prime factors of 1163?
1163
List the prime factors of 175575.
3, 5, 2341
What are the prime factors of 5734?
2, 47, 61
What are the prime factors of 1086?
2, 3, 181
What are the prime factors of 92571?
3, 59, 523
What are the prime factors of 60777?
3, 2251
List the prime factors of 9613.
9613
List the prime factors of 25869.
3, 8623
List the prime factors of 522.
2, 3, 29
List the prime factors of 3983.
7, 569
List the prime factors of 20874.
2, 3, 7, 71
What are the prime factors of 39532?
2, 9883
List the prime factors of 1693.
1693
List the prime factors of 859.
859
What are the prime factors of 35276?
2, 8819
List the prime factors of 3869.
53, 73
What are the prime factors of 9426?
2, 3, 1571
What are the prime factors of 2445?
3, 5, 163
What are the prime factors of 74809?
7, 10687
List the prime factors of 4111.
4111
What are the prime factors of 4641?
3, 7, 13, 17
List the prime factors of 4106.
2, 2053
List the prime factors of 86254.
2, 7, 61, 101
List the prime factors of 163.
163
What are the prime factors of 2771?
17, 163
List the prime factors of 64557.
3, 797
List the prime factors of 5329.
73
List the prime factors of 72904.
2, 13, 701
List the prime factors of 15671.
15671
List the prime factors of 6861.
3, 2287
List the prime factors of 2402.
2, 1201
List the prime factors of 12520.
2, 5, 313
List the prime factors of 3723.
3, 17, 73
What are the prime factors of 1768?
2, 13, 17
List the prime factors of 9445.
5, 1889
List the prime factors of 30624.
2, 3, 11, 29
What are the prime factors of 272?
2, 17
List the prime factors of 3000.
2, 3, 5
What are the prime factors of 14811?
3, 4937
List the prime factors of 3253.
3253
List the prime factors of 54647.
54647
List the prime factors of 1200.
2, 3, 5
List the prime factors of 13628.
2, 3407
What are the prime factors of 1260?
2, 3, 5, 7
List the prime factors of 1031.
1031
List the prime factors of 1232.
2, 7, 11
What are the prime factors of 75250?
2, 5, 7, 43
List the prime factors of 3687.
3, 1229
What are the prime factors of 141?
3, 47
List the prime factors of 41456.
2, 2591
What are the prime factors of 33416?
2, 4177
List the prime factors of 7799.
11, 709
List the prime factors of 21532.
2, 7, 769
List the prime factors of 7660.
2, 5, 383
List the prime factors of 4932.
2, 3, 137
List the prime factors of 1917.
3, 71
What are the prime factors of 29138?
2, 17, 857
List the prime factors of 4037.
11, 367
What are the prime factors of 465?
3, 5, 31
What are the prime factors of 8722?
2, 7, 89
What are the prime factors of 1315?
5, 263
What are the prime factors of 3253?
3253
What are the prime factors of 888?
2, 3, 37
What are the prime factors of 115?
5, 23
What are the prime factors of 610?
2, 5, 61
List the prime factors of 1851.
3, 617
What are the prime factors of 12926?
2, 23, 281
List the prime factors of 2282.
2, 7, 163
What are the prime factors of 616?
2, 7, 11
What are the prime factors of 30868?
2, 7717
What are the prime factors of 752?
2, 47
List the prime factors of 4640.
2, 5, 29
List the prime factors of 537.
3, 179
List the prime factors of 46066.
2, 31, 743
What are the prime factors of 1088?
2, 17
What are the prime factors of 1764?
2, 3, 7
List the prime factors of 10539.
3, 1171
What are the prime factors of 1942?
2, 971
List the prime factors of 2977.
13, 229
What are the prime factors of 1769?
29, 61
List the prime factors of 258.
2, 3, 43
What are the prime factors of 517?
11, 47
What are the prime factors of 1960?
2, 5, 7
What are the prime factors of 2183?
37, 59
What are the prime factors of 5881?
5881
What are the prime factors of 13706?
2, 7, 11, 89
List the pri